{"id":95,"date":"2025-01-08T17:58:01","date_gmt":"2025-01-08T17:58:01","guid":{"rendered":"https:\/\/pd-zirovnica.si\/?page_id=95"},"modified":"2025-03-24T19:36:55","modified_gmt":"2025-03-24T19:36:55","slug":"mladi-planinci","status":"publish","type":"page","link":"https:\/\/pd-zirovnica.si\/?page_id=95","title":{"rendered":"Mladi planinci"},"content":{"rendered":"\n<p>V sodelovanju skupaj z O\u0160 in vrtcem v \u017dirovnici sodelujemo in organiziramo pohode za otroke.<\/p>\n\n\n\n<p>Ve\u010d prispevkov si lahko ogledate spodaj.<\/p>\n\n\n<ul class=\"wp-block-latest-posts__list wp-block-latest-posts\"><li><a class=\"wp-block-latest-posts__post-title\" href=\"https:\/\/pd-zirovnica.si\/?p=329\">Tale\u017e &#8211; 7. marec 2026<\/a><div class=\"wp-block-latest-posts__post-excerpt\">V soboto, 7. marca 2026, smo se zbrali na avtobusni postaji v \u017dirovnici in se z avtobusom odpeljali v Radovljico. Bilo nas je 19. S postaje v Radovljici smo se odpravili proti staremu mestnemu jedru, nato pa smo\u2026 <a href=\"https:\/\/pd-zirovnica.si\/?p=329\" rel=\"noopener noreferrer\">Read more<span class=\"screen-reader-text\">: Tale\u017e &#8211; 7. marec 2026<\/span><\/a><\/div><\/li>\n<li><a class=\"wp-block-latest-posts__post-title\" href=\"https:\/\/pd-zirovnica.si\/?p=307\">Ojstrica, Mala in Velika Osojnica &#8211; 8. november 2025<\/a><div class=\"wp-block-latest-posts__post-excerpt\">V soboto, 8. novembra 2025, se nas je 29 planincev zbralo na \u017eelezni\u0161ki postaji v \u017dirovnici. Z vlakom smo se odpeljali najprej na Jesenice, nato pa naprej proti Bledu, kjer smo izstopili. Hitro smo se pre\u0161teli \u2013 ena,\u2026 <a href=\"https:\/\/pd-zirovnica.si\/?p=307\" rel=\"noopener noreferrer\">Read more<span class=\"screen-reader-text\">: Ojstrica, Mala in Velika Osojnica &#8211; 8. november 2025<\/span><\/a><\/div><\/li>\n<li><a class=\"wp-block-latest-posts__post-title\" href=\"https:\/\/pd-zirovnica.si\/?p=299\">Smolnik, Valvasorjev dom, Zabre\u0161ka planina &#8211; 11. oktober 2025<\/a><div class=\"wp-block-latest-posts__post-excerpt\">&#8220;A BO SONCE?&#8221; Na ni\u010d kaj obetavno soboto se nas je 22 planincev zbralo na parkiri\u0161\u010du v Zavr\u0161nici. Zami\u0161ljenih obrazov in jutranjih misli smo se spoznali in predstavili. Na hitro smo ponovili pravila, ki jih upo\u0161tevamo na planinskih\u2026 <a href=\"https:\/\/pd-zirovnica.si\/?p=299\" rel=\"noopener noreferrer\">Read more<span class=\"screen-reader-text\">: Smolnik, Valvasorjev dom, Zabre\u0161ka planina &#8211; 11. oktober 2025<\/span><\/a><\/div><\/li>\n<li><a class=\"wp-block-latest-posts__post-title\" href=\"https:\/\/pd-zirovnica.si\/?p=268\">Izlet na Smoku\u0161ki vrh<\/a><div class=\"wp-block-latest-posts__post-excerpt\">V januarju smo se podali na Smoku\u0161ki vrh. Zbrali smo se pred \u0161olo in se podali na pot. Sprva je bila pot polo\u017ena, potem pa se je za\u010del klanec, ki se ni kon\u010dal do vrha. Na vrhu se\u2026 <a href=\"https:\/\/pd-zirovnica.si\/?p=268\" rel=\"noopener noreferrer\">Read more<span class=\"screen-reader-text\">: Izlet na Smoku\u0161ki vrh<\/span><\/a><\/div><\/li>\n<li><a class=\"wp-block-latest-posts__post-title\" href=\"https:\/\/pd-zirovnica.si\/?p=263\">No\u010dni pohod do Sanka\u0161ke ko\u010de<\/a><div class=\"wp-block-latest-posts__post-excerpt\">Decembrski izlet je vedno nekaj posebnega, je no\u010dni pohod, na koncu pa sledi \u0161e obdarovanje z \u017erebom. V petek, 6. 12. 2024, smo se ob 16.00 zbrali pred \u0161olo. Vsi smo komaj \u010dakali, da se podamo na pot\u2026 <a href=\"https:\/\/pd-zirovnica.si\/?p=263\" rel=\"noopener noreferrer\">Read more<span class=\"screen-reader-text\">: No\u010dni pohod do Sanka\u0161ke ko\u010de<\/span><\/a><\/div><\/li>\n<li><a class=\"wp-block-latest-posts__post-title\" href=\"https:\/\/pd-zirovnica.si\/?p=261\">Planinski izlet na Mali vrh &#8211; november<\/a><div class=\"wp-block-latest-posts__post-excerpt\">Na megleno in ni\u010d kaj obetavno jutro se nas je zbralo 13 planincev in dva vodnika. Ko smo se vsi pre\u0161teli in spoznali, smo se podali na na\u0161o pot, ki nas je najprej vodila preko Lipja do Malega\u00a0\u2026 <a href=\"https:\/\/pd-zirovnica.si\/?p=261\" rel=\"noopener noreferrer\">Read more<span class=\"screen-reader-text\">: Planinski izlet na Mali vrh &#8211; november<\/span><\/a><\/div><\/li>\n<li><div class=\"wp-block-latest-posts__featured-image\"><img loading=\"lazy\" decoding=\"async\" width=\"300\" height=\"224\" src=\"https:\/\/pd-zirovnica.si\/wp-content\/uploads\/2025\/03\/IMG_20220312_093645-300x224.jpg\" class=\"attachment-medium size-medium wp-post-image\" alt=\"\" style=\"\" srcset=\"https:\/\/pd-zirovnica.si\/wp-content\/uploads\/2025\/03\/IMG_20220312_093645-300x224.jpg 300w, https:\/\/pd-zirovnica.si\/wp-content\/uploads\/2025\/03\/IMG_20220312_093645-1024x766.jpg 1024w, https:\/\/pd-zirovnica.si\/wp-content\/uploads\/2025\/03\/IMG_20220312_093645-768x575.jpg 768w, https:\/\/pd-zirovnica.si\/wp-content\/uploads\/2025\/03\/IMG_20220312_093645-1536x1149.jpg 1536w, https:\/\/pd-zirovnica.si\/wp-content\/uploads\/2025\/03\/IMG_20220312_093645-2048x1532.jpg 2048w\" sizes=\"(max-width: 300px) 100vw, 300px\" \/><\/div><a class=\"wp-block-latest-posts__post-title\" href=\"https:\/\/pd-zirovnica.si\/?p=216\">Prvi prispevek mladih planincev<\/a><div class=\"wp-block-latest-posts__post-excerpt\">To je prvi prispvek mladih planincev.<\/div><\/li>\n<\/ul>","protected":false},"excerpt":{"rendered":"<p>V sodelovanju skupaj z O\u0160 in vrtcem v \u017dirovnici sodelujemo in organiziramo pohode za otroke. Ve\u010d prispevkov si lahko ogledate spodaj.<\/p>\n","protected":false},"author":1,"featured_media":0,"parent":0,"menu_order":0,"comment_status":"closed","ping_status":"closed","template":"","meta":{"footnotes":""},"_links":{"self":[{"href":"https:\/\/pd-zirovnica.si\/index.php?rest_route=\/wp\/v2\/pages\/95"}],"collection":[{"href":"https:\/\/pd-zirovnica.si\/index.php?rest_route=\/wp\/v2\/pages"}],"about":[{"href":"https:\/\/pd-zirovnica.si\/index.php?rest_route=\/wp\/v2\/types\/page"}],"author":[{"embeddable":true,"href":"https:\/\/pd-zirovnica.si\/index.php?rest_route=\/wp\/v2\/users\/1"}],"replies":[{"embeddable":true,"href":"https:\/\/pd-zirovnica.si\/index.php?rest_route=%2Fwp%2Fv2%2Fcomments&post=95"}],"version-history":[{"count":4,"href":"https:\/\/pd-zirovnica.si\/index.php?rest_route=\/wp\/v2\/pages\/95\/revisions"}],"predecessor-version":[{"id":218,"href":"https:\/\/pd-zirovnica.si\/index.php?rest_route=\/wp\/v2\/pages\/95\/revisions\/218"}],"wp:attachment":[{"href":"https:\/\/pd-zirovnica.si\/index.php?rest_route=%2Fwp%2Fv2%2Fmedia&parent=95"}],"curies":[{"name":"wp","href":"https:\/\/api.w.org\/{rel}","templated":true}]}}